the remainder when 1208 is divided by 180?
128
Calculate the remainder when 845979 is divided by 56398.
9
What is the remainder when 31570 is divided by 64?
18
What is the remainder when 726 is divided by 270?
186
Calculate the remainder when 1990 is divided by 851.
288
What is the remainder when 166096 is divided by 52?
8
Calculate the remainder when 177079 is divided by 637.
630
Calculate the remainder when 3826 is divided by 1252.
70
Calculate the remainder when 345 is divided by 90.
75
What is the remainder when 16523 is divided by 2753?
5
Calculate the remainder when 2238 is divided by 1340.
898
What is the remainder when 176442 is divided by 457?
40
Calculate the remainder when 26115 is divided by 20.
15
Calculate the remainder when 11288 is divided by 2815.
28
What is the remainder when 149138 is divided by 3637?
21
What is the remainder when 544 is divided by 133?
12
Calculate the remainder when 414072 is divided by 6.
0
Calculate the remainder when 76308 is divided by 587.
585
Calculate the remainder when 11588 is divided by 1812.
716
Calculate the remainder when 618012 is divided by 1781.
5
Calculate the remainder when 10511 is divided by 481.
410
Calculate the remainder when 9622 is divided by 17.
0
What is the remainder when 2424 is divided by 121?
4
Calculate the remainder when 156261 is divided by 277.
33
Calculate the remainder when 2694 is divided by 100.
94
What is the remainder when 1674 is divided by 461?
291
Calculate the remainder when 40771 is divided by 18.
1
Calculate the remainder when 9189 is divided by 210.
159
Calculate the remainder when 3228 is divided by 1592.
44
What is the remainder when 8335 is divided by 370?
195
Calculate the remainder when 11474 is divided by 3742.
248
Calculate the remainder when 7206 is divided by 3595.
16
Calculate the remainder when 2200 is divided by 158.
146
Calculate the remainder when 19191 is divided by 3836.
11
What is the remainder when 15943 is divided by 11?
4
What is the remainder when 35952 is divided by 3988?
60
Calculate the remainder when 922 is divided by 296.
34
What is the remainder when 30939 is divided by 3858?
75
Calculate the remainder when 21827 is divided by 166.
81
Calculate the remainder when 12850 is divided by 1159.
101
What is the remainder when 6897 is divided by 6876?
21
What is the remainder when 3502 is divided by 3489?
13
What is the remainder when 279748 is divided by 11?
7
Calculate the remainder when 1143141 is divided by 4011.
6
What is the remainder when 285 is divided by 107?
71
Calculate the remainder when 9052 is divided by 2940.
232
What is the remainder when 46097 is divided by 394?
393
Calculate the remainder when 2001 is divided by 1178.
823
Calculate the remainder when 77930 is divided by 25970.
20
What is the remainder when 10213 is divided by 393?
388
What is the remainder when 3086 is divided by 359?
214
What is the remainder when 6475 is divided by 87?
37
Calculate the remainder when 254312 is divided by 405.
377
What is the remainder when 8664 is divided by 9?
6
What is the remainder when 74208 is divided by 417?
399
Calculate the remainder when 171461 is divided by 1478.
13
What is the remainder when 2958534 is divided by 130?
124
What is the remainder when 199282 is divided by 546?
538
What is the remainder when 18966 is divided by 2370?
6
What is the remainder when 389014 is divided by 259?
255
Calculate the remainder when 25064 is divided by 19.
3
Calculate the remainder when 17881 is divided by 79.
27
What is the remainder when 3950 is divided by 284?
258
Calculate the remainder when 1917 is divided by 113.
109
Calculate the remainder when 50289 is divided by 606.
597
What is the remainder when 1217737 is divided by 218?
207
Calculate the remainder when 142660 is divided by 177.
175
Calculate the remainder when 8268 is divided by 87.
3
What is the remainder when 337621 is divided by 18?
13
Calculate the remainder when 3106 is divided by 84.
82
What is the remainder when 113616 is divided by 225?
216
Calculate the remainder when 7297 is divided by 3647.
3
What is the remainder when 1611 is divided by 385?
71
Calculate the remainder when 141548 is divided by 10887.
17
What is the remainder when 137828 is divided by 68912?
4
Calculate the remainder when 172934 is divided by 61.
60
Calculate the remainder when 116305 is divided by 24.
1
Calculate the remainder when 9681 is divided by 362.
269
What is the remainder when 53292 is divided by 251?
80
What is the remainder when 78057 is divided by 36?
9
Calculate the remainder when 50193 is divided by 5576.
9
What is the remainder when 4161235 is divided by 24?
19
Calculate the remainder when 2263 is divided by 307.
114
What is the remainder when 6445 is divided by 42?
19
Calculate the remainder when 24022 is divided by 366.
232
Calculate the remainder when 26645 is divided by 8864.
53
Calculate the remainder when 8626 is divided by 4134.
358
Calculate the remainder when 184303 is divided by 417.
406
What is the remainder when 12077 is divided by 706?
75
Calculate the remainder when 4280 is divided by 1421.
17
What is the remainder when 23101 is divided by 589?
130
Calculate the remainder when 4727 is divided by 1060.
487
Calculate the remainder when 163329 is divided by 234.
231
Calculate the remainder when 353688 is divided by 226.
224
Calculate the remainder when 1612237 is divided by 80.
77
What is the remainder when 2416 is divided by 67?
4
Calculate the remainder when 3262 is divided by 1083.
13
Calculate the remainder when 70287 is divided by 495.
492
Calculate the remainder when 29493 is divided by 14732.
29
What is the remainder when 1169 is divided by 88?
25
What is the remainder when 11363 is divided by 3672?
347
Calculate the remainder when 1528 is divided by 469.
121
Calculate the remainder when 117498 is divided by 107.
12
Calculate the remainder when 131187 is divided by 97.
43
Calculate the remainder when 1448 is divided by 252.
188
What is the remainder when 128145 is divided by 75?
45
Calculate the remainder when 778 is divided by 26.
24
Calculate the remainder when 3827 is divided by 1880.
67
Calculate the remainder when 4350379 is divided by 1105.
1099
Calculate the remainder when 10055 is divided by 2009.
10
What is the remainder when 45295 is divided by 151?
146
Calculate the remainder when 74561 is divided by 1308.
5
Calculate the remainder when 98829 is divided by 58.
55
Calculate the remainder when 16270 is divided by 3625.
1770
What is the remainder when 18063 is divided by 516?
3
Calculate the remainder when 7087 is divided by 229.
217
What is the remainder when 226 is divided by 28?
2
What is the remainder when 231706 is divided by 57?
1
Calculate the remainder when 11893 is divided by 1483.
29
What is the remainder when 2295 is divided by 73?
32
Calculate the remainder when 1482 is divided by 363.
30
What is the remainder when 612481 is divided by 95?
16
What is the remainder when 1037 is divided by 348?
341
Calculate the remainder when 163254 is divided by 64.
54
What is the remainder when 12205 is divided by 15?
10
What is the remainder when 10974175 is divided by 531?
529
Calculate the remainder when 1293 is divided by 31.
22
Calculate the remainder when 156521 is divided by 144.
137
What is the remainder when 5922 is divided by 1870?
312
What is the remainder when 18643 is divided by 42?
37
Calculate the remainder when 122905 is divided by 63.
55
Calculate the remainder when 20334 is divided by 114.
42
Calculate the remainder when 4767 is divided by 30.
27
Calculate the remainder when 264707 is divided by 439.
429
What is the remainder when 28516 is divided by 9342?
490
What is the remainder when 2566 is divided by 784?
214
Calculate the remainder when 24600 is divided by 33.
15
What is the remainder when 23648 is divided by 5?
3
What is the remainder when 113069 is divided by 37686?
11
Calculate the remainder when 847 is divided by 16.
15
What is the remainder when 196708 is divided by 9?
4
What is the remainder when 10809 is divided by 15?
9
Calculate the remainder when 13933 is divided by 1782.
1459
What is the remainder when 11476 is divided by 13?
10
Calculate the remainder when 1215 is divided by 297.
27
Calculate the remainder when 2059 is divide